rime number?
False
Is 3/((-3)/(-541))*(-3)/(-3) prime?
True
Let y be 1/4 - (-3561)/12. Suppose 5*r - 756 = -4*b, 653 = 5*b + 5*r - y. Is b a prime number?
False
Let q be 8/36 - 8860/18. Let p = -281 - q. Is p a prime number?
True
Let d(o) = 3*o**2 + o. Let k(z) = -2*z + 0*z**2 - z**2 - 2*z**2 - 1. Let c(n) = 6*d(n) + 5*k(n). Is c(-6) a composite number?
False
Suppose -5*t + 85 = 5*b, -t - t = 4*b - 40. Let k = t + -3. Is (-1)/(2/(-4))*k composite?
True
Let u(k) = -k**3 - 4*k**2 - 2*k + 2. Let z be u(-3). Let x = z - 9. Let t = 20 + x. Is t a prime number?
False
Let s be (-16)/20*5/(-2). Is (-4 - -89) + -1*s composite?
False
Suppose -3*r - 3329 = -3*s + 3592, -r - 11543 = -5*s. Is s a composite number?
False
Suppose 0 = -4*d + 3*y + 7069, 5*y - 5803 - 1274 = -4*d. Suppose 4*t - d + 564 = 0. Is t prime?
False
Let s = -5 + -1. Let h = 3 + s. Let p(n) = -37*n + 2. Is p(h) composite?
False
Suppose -72 = -2*r + 418. Let b = r - -22. Is b prime?
False
Let g(q) = q**3 + 7*q**2 - 9*q - 10. Let j = -17 + 10. Is g(j) composite?
False
Let b be 6*1/9*3. Suppose 5*o = -3 - b. Is 2 + (-1)/o + 110 prime?
True
Let d(g) = g**2 - 2*g. Let c be d(0). Suppose 1 = -i - c, -i = 4*z - 1275. Is z composite?
True
Let c(u) = u**2 + 5*u - 2. Suppose 2*y + 2*y + 3*j - 99 = 0, j = 5*y - 100. Suppose 0*i + y = 5*b - 2*i, 2*i - 3 = -3*b. Is c(b) prime?
False
Is (214 + (-12)/4)*1 composite?
False
Let b(t) = 5*t + 419. Is b(0) prime?
True
Let o = 159 - 0. Let f be (2/(-4)*0)/(-2). Suppose -3*u + o = -f*u. Is u a prime number?
True
Suppose -2*x = 3*x - 615. Is x composite?
True
Suppose -5*h + 1901 = -2*n, -3*n + 0*n + 749 = 2*h. Is h prime?
True
Let c(n) = -5*n + 4*n - 2 + 2. Let b be c(-5). Suppose b*r + 513 = 4*y, -5*r + 250 = 2*y - r. Is y prime?
True
Suppose -3*j = -5*j - n - 13, -5*j - 4*n - 40 = 0. Let m(b) be the second derivative of -b**5/20 - b**4/12 + 5*b**3/6 - b**2 - b. Is m(j) a prime number?
False
Suppose 0 = 2*i + 5*f - 4096, -4*i + 8*f = 3*f - 8222. Is i a composite number?
False
Let x = -158 - -88. Let b = -116 - x. Let f = b - -69. Is f a prime number?
True
Let i = -159 + 468. Suppose -937 = -4*d - i. Is d composite?
False
Let p(k) = 30*k - 1. Let d be p(2). Suppose 0 = 3*n - 4*n + d. Is n composite?
False
Suppose 421 + 128 = 3*j. Suppose 3*v = 480 + j. Is v a prime number?
False
Let b = 31 + -57. Is 22*(b/(-4) + -3) prime?
False
Suppose o + 32 = m - o, -5*o - 10 = 0. Suppose 2*j = -c + m, -2*j - 111 = -3*c + j. Is c a composite number?
True
Suppose s = 3*s + 12. Let x(o) = -o**3 - 6*o**2 - 5*o. Let a be x(s). Suppose 4*m = 2*u - a, -2*u = 3*m + 6 - 50. Is u a composite number?
False
Let i(p) be the third derivative of p**5/60 + 7*p**3/6 - 3*p**2. Is i(0) composite?
False
Let q(d) = d. Let o(a) = 5*a + 1. Let m(j) = -o(j) + 4*q(j). Let z be m(-4). Is 2 + 57/(z/1) prime?
False
Suppose 0 = d + 2*d - 6, -4*j = -3*d - 10. Suppose 664 = -j*b + 2828. Is b a composite number?
False
Is 293 + (-16)/(-12)*3/(-2) prime?
False
Suppose 0*f + 1740 = 5*f. Suppose -6*y + f = -2*y. Is y composite?
True
Let s(j) = 2*j**2 - 3*j - 10. Let i be s(8). Suppose 5*f + 3*q - i + 1562 = 0, -q = -3*f - 892. Let g = f + 417. Is g a composite number?
True
Suppose 0*v - 39 = v. Let b = -17 + 5. Is 2/(-8) + v/b a composite number?
False
Suppose 3*l = -4*p + 15, -1 = l - 4*p + 10. Let o be -1 + -106 + l + -4. Let u = o + 333. Is u a composite number?
False
Let h(o) = -2*o. Suppose 5*c + 0*n + 15 = -4*n, -4*c = -5*n + 53. Let v be h(c). Suppose -k + v = -0*k + 5*z, 4*k = -4*z + 72. Is k a prime number?
True
Is (1 - 8/(-2))*127 prime?
False
Suppose x + 899 = -0*x. Let o = -480 - x. Is o prime?
True
Let h(m) = -m + 4. Let t be h(0). Let k be 5/t*(-16)/(-4). Suppose 15 = -v - k*q + 67, -5*v + q = -182. Is v a prime number?
True
Let s(d) = 6*d**2 + 2*d - 1. Suppose 0 = -3*r - 5 - 7, 2 = x - 5*r. Let g be (1 - 2)*x/(-6). Is s(g) prime?
True
Let z(s) = 17*s - 3. Is z(4) prime?
False
Let o = 10 + -5. Let p = -4 + o. Let h(q) = 38*q**3 - 1. Is h(p) prime?
True
Suppose -8 = 4*i - 8*i. Suppose 2*d = -i + 8. Is 1 + (d*2)/3 composite?
False
Suppose 5*d + 2*d - 13853 = 0. Is d a prime number?
True
Is 3/(-5) + 7044/15 composite?
True
Let y be 84 + -1*1/1. Let x be (0/(-1))/(-4 - -6). Suppose -5*n - 2*u = 2*u - y, 3*n + 2*u - 51 = x. Is n a prime number?
True
Is 251/2 + 33/22 a prime number?
True
Let a(w) = w**3 + 9*w**2 + 7*w + 4. Let c = -5 - -3. Let v be c/4 + 91/(-14). Is a(v) a prime number?
True
Let v(d) = -d**3 - d**2 - 3*d. Let l be v(4). Let p = -25 - l. Is p composite?
False
Suppose 198 = 3*m - 2*m. Suppose 4*f - m = f. Let j = 113 - f. Is j a composite number?
False
Suppose 3*x = x. Suppose 4*i - s - 23 = x, s = 2*s - 5. Suppose -t + i = -14. Is t prime?
False
Suppose 0 = -4*i + 5*x + 876, -4*i + 745 = 3*x - 131. Is i a composite number?
True
Suppose -2*h = 3*h - 3*o - 29, -3*h + 27 = 3*o. Let x(i) be the first derivative of -i**4/4 + 7*i**3/3 + 7*i**2/2 + 4*i - 3. Is x(h) a prime number?
True
Suppose 0 = j + j + 482. Let v = j - -428. Is v composite?
True
Let k(n) = -n**2 + 18*n - 6. Is k(5) prime?
True
Suppose 2*x + 642 = -3*f, x = -3*f + 3*x - 630. Is (f/(-6))/(4/6) a prime number?
True
Is (-4 + 62/8)/(1/4) a prime number?
False
Let j(k) = 44*k**3 + 4*k**2 - 5*k + 8. Is j(3) prime?
True
Suppose 3*y = -4*w + 1682, 0*y - w = y - 559. Is y a prime number?
False
Let x(j) = 37*j - 33. Is x(8) a composite number?
False
Suppose 5*q = -30 + 5, -3*n - 4*q + 181 = 0. Is n composite?
False
Let z = 0 - 1. Let m(g) = -26*g - 4 + 4 - 1. Is m(z) composite?
True
Let l(k) be the first derivative of 45*k**2 + k + 3. Is l(6) prime?
True
Let a(x) = -2*x**3 - 2*x**2 + 10*x + 7. Let t be -3*1 - 21/7. Is a(t) a composite number?
False
Suppose 0 = 5*x - 5*d - 15, -5*x + 5*d - d = -10. Is (97*(3 + x))/1 composite?
False
Let h(x) = -x**3 - 13*x**2 + 15*x + 33. Is h(-14) composite?
False
Let q = -4 - -8. Let d = q + 1. Suppose 0*w - d*w + 35 = 0. Is w a composite number?
False
Suppose 6*p - p - 881 = -2*f, -875 = -2*f + p. Let o = -305 + f. Is o a prime number?
False
Let a(s) = 6*s - 1. Let z be a(-9). Let y = z + 146. Is y a prime number?
False
Suppose -2*l = l. Let p be l*(-1 + -2)/9. Suppose -4*g = -0*d - 2*d + 90, -4*d - 3*g + 224 = p. Is d composite?
False
Suppose -3*n - 834 = 3*q, 3*n + n + 2*q = -1114. Suppose -4*s + 0*s = 4*f + 568, 4*s + 3*f = -572. Let t = s - n. Is t a composite number?
True
Suppose -3*m + 776 = 5*v + 288, 0 = 4*v - 2*m - 386. Is v a composite number?
False
Let d = 119 - 68. Suppose t = 2*t - d. Is t composite?
True
Let o(n) = -63*n**3 + 2*n**2 + 2. Is o(-2) prime?
False
Suppose -3*s = -6*s. Let u be 3*(s + -1) + 77. Is 1*u*(-3)/(-6) a prime number?
True
Suppose -4*r + 7*r - 1329 = 0. Let i = r + -238. Is i prime?
False
Is 6 + -7 - 172/(-2) composite?
True
Let o be (0/2 - -1)*0. Suppose 3*f - 132 + 21 = o. Is f a composite number?
False
Let k(f) = -f**3 + 17*f**2 + 21*f + 14. Is k(17) a composite number?
True
Let l(o) = -o**3 + 11*o**2 - 9*o - 6. Let j be l(8). Suppose -j = -3*q - 2*i + 5*i, 3*q + i = 94. Is q a composite number?
True
Suppose t + 112 = y, -3*y = -2*t - 325 - 12. Is y a prime number?
True
Let m = -164 + 291. Is m a prime number?
True
Suppose 0 = -2*r + 5*r - 3*d + 612, 0 = -5*r - 5*d - 1040. Let a = r - -829. Is a prime?
False
Let a(g) = -g + 37. Suppose z = -3*z. Is a(z) a prime number?
True
Suppose 3*p + 6 = 4*b + 6*p, 4*p = -8. Let f = b - -18. Is f a composite number?
True
Let r be 1/2 + (-27)/(-6). Suppose 0 = -5*t + r, -2*v + 3*t + 17 = -0*t. Let j = 16 - v. Is j composite?
True
Let i be 700/(-119) + 2/(-17). Is 123 + (8/(-4) - i) composite?
False
Suppose 0 = 2*n + 4*a - 86, -n - 3*a + 29 = -8*a. Suppose 0 = r - 16 - n. Is r a prime number?
False
Let r(d) = 26*d**2 - 2*d + 2. Let y be r(-3). Suppose y = 4*a - 114. Is a a prime number?
True
Let j(b) be the second derivative of b**4/12 + 2*b**3/3 + 3*b**2/2 - 4*b. Let r be j(-3). Suppose 3*c + 3*x - 273 = r, c - 2*x + 7*x = 91. Is c a prime number?
False
Let l(p) = -p**3 - 11*p**2 - 3. Let u be l(-7). Let g = u + 310. Is g prime?
False
Let u = -146 + 223. Is u prime?
False
Suppose 7*d - 6 = 15. Is d/(-8) - 5601/(-24) a prime number?
True
Let l = 30 + 2. Suppose -5 = 3*o + 3*a - l, 0 = -4*o + 4*a + 52. Is o a composite 